{"id":360,"date":"2014-03-09T17:42:31","date_gmt":"2014-03-09T15:42:31","guid":{"rendered":"http:\/\/test1.turbine-dresden.de\/?page_id=360"},"modified":"2014-03-31T09:19:16","modified_gmt":"2014-03-31T07:19:16","slug":"gymnastik","status":"publish","type":"page","link":"https:\/\/test1.turbine-dresden.de\/?page_id=360","title":{"rendered":"Gymnastik"},"content":{"rendered":"<p>Die Abteilung Gymnastik hat zur Zeit 33 Mitglieder von 40 bis 90 Jahre, es sind also fast alle mittleren Altersklassen vertreten. Wir nehmen aber nat\u00fcrlich auch gern j\u00fcngere Sportfreundinnen in unsere Gemeinschaft auf.<\/p>\n<p>Geturnt wird immer mittwochs in der Turnhalle des H\u00fcl\u00dfe-Gymnasiums in Dresden-Reick, in der Zeit von 18.30 Uhr bis 20.00 Uhr.<\/p>\n<p>Die \u00dcbungsstunde beginnt mit Erw\u00e4rmungs\u00fcbungen. Besonders Augenmerk wird bei uns auf die R\u00fccken- und Bauchmuskulatur gelegt. F\u00fcr unsere \u00dcbungen benutzen wir auch die B\u00e4nke und Matten.<\/p>\n<p>Lust bekommen, dann schaut bei uns vorbei, am besten gleich am Mittwoch in Sportsachen.<\/p>\n<p>Sport frei !<\/p>\n","protected":false},"excerpt":{"rendered":"<p>Die Abteilung Gymnastik hat zur Zeit 33 Mitglieder von 40 bis 90 Jahre, es sind also fast alle mittleren Altersklassen vertreten. Wir nehmen aber nat\u00fcrlich auch gern j\u00fcngere Sportfreundinnen in unsere Gemeinschaft auf. Geturnt wird immer mittwochs in der Turnhalle des H\u00fcl\u00dfe-Gymnasiums in Dresden-Reick, in der Zeit von 18.30 Uhr bis 20.00 Uhr. Die \u00dcbungsstunde&hellip;<\/p>\n","protected":false},"author":1,"featured_media":0,"parent":0,"menu_order":0,"comment_status":"closed","ping_status":"closed","template":"","meta":{"footnotes":""},"class_list":["post-360","page","type-page","status-publish","hentry"],"_links":{"self":[{"href":"https:\/\/test1.turbine-dresden.de\/index.php?rest_route=\/wp\/v2\/pages\/360","targetHints":{"allow":["GET"]}}],"collection":[{"href":"https:\/\/test1.turbine-dresden.de\/index.php?rest_route=\/wp\/v2\/pages"}],"about":[{"href":"https:\/\/test1.turbine-dresden.de\/index.php?rest_route=\/wp\/v2\/types\/page"}],"author":[{"embeddable":true,"href":"https:\/\/test1.turbine-dresden.de\/index.php?rest_route=\/wp\/v2\/users\/1"}],"replies":[{"embeddable":true,"href":"https:\/\/test1.turbine-dresden.de\/index.php?rest_route=%2Fwp%2Fv2%2Fcomments&post=360"}],"version-history":[{"count":3,"href":"https:\/\/test1.turbine-dresden.de\/index.php?rest_route=\/wp\/v2\/pages\/360\/revisions"}],"predecessor-version":[{"id":643,"href":"https:\/\/test1.turbine-dresden.de\/index.php?rest_route=\/wp\/v2\/pages\/360\/revisions\/643"}],"wp:attachment":[{"href":"https:\/\/test1.turbine-dresden.de\/index.php?rest_route=%2Fwp%2Fv2%2Fmedia&parent=360"}],"curies":[{"name":"wp","href":"https:\/\/api.w.org\/{rel}","templated":true}]}}