{"id":7591,"date":"2019-10-06T14:49:20","date_gmt":"2019-10-06T12:49:20","guid":{"rendered":"http:\/\/test1.turbine-dresden.de\/?page_id=7591"},"modified":"2023-05-04T21:39:25","modified_gmt":"2023-05-04T19:39:25","slug":"abteilung","status":"publish","type":"page","link":"https:\/\/test1.turbine-dresden.de\/?page_id=7591","title":{"rendered":"Abteilung"},"content":{"rendered":"<p>Am 4.4.2023 wurde eine neue Abteilungsleitung gew\u00e4hlt.<\/p>\n<h5><div class=\"su-heading su-heading-style-default su-heading-align-center\" id=\"\" style=\"font-size:13px;margin-bottom:20px\"><div class=\"su-heading-inner\">Abteilungsleitung<\/div><\/div><\/h5>\n<ul>\n<li>Jens Teichmann (Abteilungsleiter)<\/li>\n<li>Steffen Ludwig (Schriftf\u00fchrer)<\/li>\n<li>Mandy Flei\u00dfner (Hauptkassiererin)<\/li>\n<li>Lutz Farrack (Sportwart)<\/li>\n<li>Frank Eidner (Vermietung<\/li>\n<\/ul>\n<p>Zur Abteilungsleitung geh\u00f6ren weiterhin die Mannschaftsleiter.<\/p>\n<div class=\"su-heading su-heading-style-default su-heading-align-center\" id=\"\" style=\"font-size:13px;margin-bottom:20px\"><div class=\"su-heading-inner\">Mitgliedschaft<\/div><\/div>\n<ul>\n<li>Mitgliedsbeitr\u00e4ge: 120,00 EUR pro Jahr<\/li>\n<li><a href=\"http:\/\/test1.turbine-dresden.de\/?page_id=4556\" target=\"_blank\" rel=\"noopener noreferrer\">Mitglied werden<\/a><\/li>\n<\/ul>\n<h5><div class=\"su-heading su-heading-style-default su-heading-align-center\" id=\"\" style=\"font-size:13px;margin-bottom:20px\"><div class=\"su-heading-inner\">Nachrichten und Anfragen an die Abteilung<\/div><\/div><\/h5>\n<p>Ansprechpartner:<\/p>\n<p>Frank Eidner<br \/>\nTelefon: 01715260081<br \/>\nMail: <a href=\"mailto:kegeln@turbine.de\">kegeln@turbine.de<\/a><\/p>\n<p>&nbsp;<\/p>\n","protected":false},"excerpt":{"rendered":"<p>Am 4.4.2023 wurde eine neue Abteilungsleitung gew\u00e4hlt. Jens Teichmann (Abteilungsleiter) Steffen Ludwig (Schriftf\u00fchrer) Mandy Flei\u00dfner (Hauptkassiererin) Lutz Farrack (Sportwart) Frank Eidner (Vermietung Zur Abteilungsleitung geh\u00f6ren weiterhin die Mannschaftsleiter. Mitgliedsbeitr\u00e4ge: 120,00 EUR pro Jahr Mitglied werden Ansprechpartner: Frank Eidner Telefon: 01715260081 Mail: kegeln@turbine.de &nbsp;<\/p>\n","protected":false},"author":1,"featured_media":0,"parent":0,"menu_order":0,"comment_status":"closed","ping_status":"closed","template":"","meta":{"footnotes":""},"class_list":["post-7591","page","type-page","status-publish","hentry"],"_links":{"self":[{"href":"https:\/\/test1.turbine-dresden.de\/index.php?rest_route=\/wp\/v2\/pages\/7591","targetHints":{"allow":["GET"]}}],"collection":[{"href":"https:\/\/test1.turbine-dresden.de\/index.php?rest_route=\/wp\/v2\/pages"}],"about":[{"href":"https:\/\/test1.turbine-dresden.de\/index.php?rest_route=\/wp\/v2\/types\/page"}],"author":[{"embeddable":true,"href":"https:\/\/test1.turbine-dresden.de\/index.php?rest_route=\/wp\/v2\/users\/1"}],"replies":[{"embeddable":true,"href":"https:\/\/test1.turbine-dresden.de\/index.php?rest_route=%2Fwp%2Fv2%2Fcomments&post=7591"}],"version-history":[{"count":16,"href":"https:\/\/test1.turbine-dresden.de\/index.php?rest_route=\/wp\/v2\/pages\/7591\/revisions"}],"predecessor-version":[{"id":11658,"href":"https:\/\/test1.turbine-dresden.de\/index.php?rest_route=\/wp\/v2\/pages\/7591\/revisions\/11658"}],"wp:attachment":[{"href":"https:\/\/test1.turbine-dresden.de\/index.php?rest_route=%2Fwp%2Fv2%2Fmedia&parent=7591"}],"curies":[{"name":"wp","href":"https:\/\/api.w.org\/{rel}","templated":true}]}}